t of 3731380?
8
What is the hundreds digit of 473326?
3
What is the tens digit of 8337?
3
What is the hundreds digit of 9904?
9
What is the tens digit of 8724098?
9
What is the hundred thousands digit of 269695?
2
What is the units digit of 1013560?
0
What is the millions digit of 7540734?
7
What is the ten thousands digit of 352949?
5
What is the units digit of 24525859?
9
What is the thousands digit of 4573884?
3
What is the hundred thousands digit of 647834?
6
What is the thousands digit of 167870?
7
What is the hundreds digit of 5878106?
1
What is the ten thousands digit of 133361?
3
What is the millions digit of 9307329?
9
What is the units digit of 344261?
1
What is the units digit of 1729070?
0
What is the units digit of 2365128?
8
What is the hundreds digit of 1407930?
9
What is the tens digit of 7274367?
6
What is the thousands digit of 2250986?
0
What is the tens digit of 15938280?
8
What is the hundred thousands digit of 1332515?
3
What is the units digit of 320347?
7
What is the tens digit of 220899?
9
What is the tens digit of 2465712?
1
What is the hundreds digit of 188081?
0
What is the hundreds digit of 11382074?
0
What is the tens digit of 381482?
8
What is the millions digit of 23289327?
3
What is the hundreds digit of 9909767?
7
What is the millions digit of 12201625?
2
What is the thousands digit of 176343?
6
What is the hundreds digit of 680136?
1
What is the units digit of 21715?
5
What is the thousands digit of 25470?
5
What is the hundred thousands digit of 1173096?
1
What is the thousands digit of 35804337?
4
What is the hundreds digit of 358476?
4
What is the ten thousands digit of 620734?
2
What is the hundreds digit of 15406703?
7
What is the hundreds digit of 15320757?
7
What is the thousands digit of 228602?
8
What is the tens digit of 164837?
3
What is the tens digit of 2825479?
7
What is the thousands digit of 18764647?
4
What is the hundred thousands digit of 2950823?
9
What is the hundred thousands digit of 256928?
2
What is the hundred thousands digit of 591209?
5
What is the thousands digit of 3072825?
2
What is the ten thousands digit of 16063839?
6
What is the ten thousands digit of 2566251?
6
What is the units digit of 974573?
3
What is the ten thousands digit of 30947566?
4
What is the ten thousands digit of 56840?
5
What is the units digit of 1223031?
1
What is the hundreds digit of 1660750?
7
What is the millions digit of 13437951?
3
What is the hundred thousands digit of 4941022?
9
What is the tens digit of 13471973?
7
What is the ten thousands digit of 1630584?
3
What is the millions digit of 26622431?
6
What is the ten thousands digit of 17475420?
7
What is the hundreds digit of 557002?
0
What is the thousands digit of 541347?
1
What is the hundreds digit of 1714367?
3
What is the hundred thousands digit of 8128694?
1
What is the tens digit of 377403?
0
What is the millions digit of 2532237?
2
What is the thousands digit of 7138370?
8
What is the ten thousands digit of 187239?
8
What is the millions digit of 15115883?
5
What is the ten thousands digit of 31317?
3
What is the units digit of 1135671?
1
What is the hundred thousands digit of 3814996?
8
What is the ten thousands digit of 15529642?
2
What is the units digit of 184031?
1
What is the units digit of 600828?
8
What is the millions digit of 29347858?
9
What is the hundreds digit of 1796984?
9
What is the ten thousands digit of 2771403?
7
What is the thousands digit of 53968?
3
What is the tens digit of 6882330?
3
What is the ten thousands digit of 103794?
0
What is the hundreds digit of 573392?
3
What is the ten thousands digit of 25361?
2
What is the thousands digit of 9110457?
0
What is the tens digit of 4496499?
9
What is the hundred thousands digit of 459011?
4
What is the hundreds digit of 348829?
8
What is the thousands digit of 859060?
9
What is the units digit of 43377?
7
What is the units digit of 13473128?
8
What is the ten thousands digit of 66024?
6
What is the hundreds digit of 124752?
7
What is the tens digit of 31800429?
2
What is the thousands digit of 20335551?
5
What is the units digit of 1861730?
0
What is the thousands digit of 2224644?
4
What is the tens digit of 2963615?
1
What is the units digit of 155077?
7
What is the ten millions digit of 21550469?
2
What is the units digit of 3773229?
9
What is the ten thousands digit of 314758?
1
What is the thousands digit of 1273536?
3
What is the hundred thousands digit of 855632?
8
What is the hundreds digit of 456569?
5
What is the units digit of 6883752?
2
What is the tens digit of 7937?
3
What is the tens digit of 4424165?
6
What is the hundred thousands digit of 336392?
3
What is the hundred thousands digit of 1539873?
5
What is the ten thousands digit of 1036060?
3
What is the tens digit of 115769?
6
What is the tens digit of 2073790?
9
What is the ten thousands digit of 11825692?
2
What is the hundreds digit of 242911?
9
What is the tens digit of 2897165?
6
What is the ten thousands digit of 6873867?
7
What is the tens digit of 1987346?
4
What is the hundreds digit of 2073?
0
What is the ten thousands digit of 4096335?
9
What is the ten thousands digit of 803876?
0
What is the hundreds digit of 9793106?
1
What is the units digit of 3919820?
0
What is the hundreds digit of 1406779?
7
What is the thousands digit of 990470?
0
What is the millions digit of 19505786?
9
What is the units digit of 6342595?
5
What is the ten thousands digit of 209985?
0
What is the thousands digit of 2803093?
3
What is the hundreds digit of 797044?
0
What is the thousands digit of 4750806?
0
What is the thousands digit of 7331634?
1
What is the tens digit of 13696465?
6
What is the hundred thousands digit of 206106?
2
What is the units digit of 2581?
1
What is the ten thousands digit of 10025?
1
What is the hundred thousands digit of 3380692?
3
What is the hundreds digit of 2697251?
2
What is the units digit of 1619043?
3
What is the ten thousands digit of 12361779?
6
What is the units digit of 788911?
1
What is the thousands digit of 692184?
2
What is the hundreds digit of 6692101?
1
What is the hundred thousands digit of 5506516?
5
What is the ten thousands digit of 619157?
1
What is the hundreds digit of 813201?
2
What is the units digit of 241359?
9
What is the tens digit of 2549787?
8
What is the millions digit of 1572517?
1
What is the millions digit of 2718144?
2
What is the tens digit of 5871201?
0
What is the tens digit of 1132113?
1
What is the hundreds digit of 13660574?
5
What is the tens digit of 356736?
3
What is the hundreds digit of 5161462?
4
What is the units digit of 143182?
2
What is the tens digit of 176997?
9
What is the ten thousands digit of 1161171?
6
What is the millions digit of 5575687?
5
What is the units digit of 24283909?
9
What is the hundreds digit of 1384518?
5
What is the tens digit of 11267?
6
What is the units digit of 29917?
7
What is the hundred thousands digit of 2698375?
6
What is the millions digit of 7728131?
7
What is the units digit of 686536?
6
What is the thousands digit of 71295?
1
What is the units digit of 2209211?
1
What is the hundreds digit of 24748048?
0
What is the thousands digit of 20384112?
4
What is the tens digit of 664963?
6
What is the ten thousands digit of 479860?
7
What is the hundred thousands digit of 1654999?
6
What is the thousands digit of 190768?
0
What is the ten thousands digit of 975384?
7
What is the hundreds digit of 7750914?
9
What is the hundreds digit of 59348?
3
What is the units digit of 6181538?
8
What is the ten thousands digit of 733258?
3
What is the thousands digit of 1207626?
7
What is the thousands digit of 8933324?
3
What is the hundreds digit of 133036?
0
What is the units digit of 1796590?
0
What is the tens digit of 1191466?
6
What is the millions digit of 7368129?
7
What is the units digit of 692134?
4
What is the tens digit of 103142?
4
What is the ten thousands digit of 96171?
9
What is the thousands digit of 983230?
3
What is the hundreds digit of 122836?
8
What is the hundred thousands digit of 4181430?
1
What is the ten thousands digit of 815995?
1
What is the tens digit of 562207?
0
What is the tens digit of 469940?
4
What is the millions digit of 5857815?
5
What is the ten thousands digit of 2